0)?
9
Let i(m) = 2*m - 22. Let t be i(8). What is the hundreds digit of (199/(-4))/(t/24)?
1
Let t(w) be the third derivative of -79*w**4/24 - 5*w**3/2 - 2*w**2 + 12. What is the hundreds digit of t(-3)?
2
Suppose 92 = g + 45*g. What is the tens digit of 1/(-2) + g/(4/107)?
5
Let s = 133 + -50. Let v = s - 75. Suppose v*h + 288 - 1016 = 0. What is the units digit of h?
1
Let b = -6186 + 12192. Suppose 4*t - 15*t = -b. What is the units digit of t?
6
Let x(z) = 45*z + 13. Let q be x(2). What is the hundreds digit of ((5 - 4)*q)/1?
1
Suppose -6*m - d - 2*d + 50421 = 0, -42020 = -5*m - 2*d. What is the thousands digit of m?
8
Let i = 216 - 213. Let r(q) = 29*q + 14. What is the units digit of r(i)?
1
Let c be -666 + 6*(-8)/12. What is the tens digit of 15/(-20) - c/8?
8
Suppose -123*s + 25 = 4*h - 120*s, h - 4*s = -8. Suppose 2*w - 4*w + 2*l = -86, 3*w - 2*l - 129 = 0. Suppose -h*r + 125 = -w. What is the units digit of r?
2
Let h be ((-10)/15)/(6/(-99)). Suppose -h - 9 = -5*m. What is the units digit of m + (-12)/4 - -5?
6
Let b = -323 + 329. Let z be (-7504)/(-70) - 2/10. Let m = b + z. What is the units digit of m?
3
Suppose 5*j - 80 = -5*n, -5*j - 19*n + 115 = -21*n. Suppose j*w = 16*w + 1000. What is the hundreds digit of w?
2
Let z(s) = 2*s**2 + 1. Let y be z(1). Let k = 7 - y. Suppose k*c = -3*t + 69, -6*t + 27 = 2*c - 3*t. What is the tens digit of c?
2
Let k be (-1920)/(-150) - 2*(-3)/30. Suppose 3*f - 5*g = 1113, 5*f - g + 3*g = 1824. Suppose f = k*s - 10*s. What is the tens digit of s?
2
Let u = 301 + 9589. What is the hundreds digit of u?
8
Let p(m) be the second derivative of -29*m + 3/2*m**2 - 1/6*m**4 + 0 - 1/20*m**5 + 2*m**3. What is the tens digit of p(-7)?
6
Suppose -24*z + 60*z - 2431728 = 0. Suppose -14*p = 25*p - z. What is the thousands digit of p?
1
Let y(w) = w**3 - 3*w**2 - w. Let g be y(3). Let t(d) be the second derivative of -d**5/10 + d**4/3 + d**3/6 - d**2/2 + 4*d. What is the tens digit of t(g)?
8
What is the hundreds digit of (4/10)/((-10)/45 + 810354/3646350)?
0
Suppose 0 = c + 5*t - 139, 5*c - 265 = 3*t + 374. What is the tens digit of c?
2
Let s(r) = 656*r + 1842. What is the hundreds digit of s(42)?
3
Let o be -4 + (3 - 0) + 3. Suppose -3*p + 80 = h + p, 5*p = 10. Suppose o*n + n = h. What is the units digit of n?
4
Let h(g) be the second derivative of -17*g + 5*g**2 + 1/20*g**5 - 11/6*g**3 - 1/6*g**4 + 0. What is the tens digit of h(5)?
3
Let k = -762 - -1037. What is the hundreds digit of k?
2
Let v(d) = -56*d - 11. Let m be v(-12). Suppose -4*o - 5*n - 106 = -m, 393 = 3*o - 4*n. What is the hundreds digit of o?
1
Let y = 8936 + -5790. What is the tens digit of y?
4
Let q = -8999 - -17423. Suppose 3*j + 3*y - 8417 = -2*j, -q = -5*j + 4*y. What is the units digit of j?
4
What is the thousands digit of ((-78)/234)/(2/(-26724))?
4
Let d(z) = -52*z**2 + 14*z - 1. Let l(y) = -53*y**2 + 13*y + 4. Let k(a) = 2*d(a) - 3*l(a). What is the hundreds digit of k(5)?
3
Let v = 22376 - 11324. What is the thousands digit of v?
1
Let y(c) be the first derivative of -277*c**2 - 69*c - 73. What is the units digit of y(-2)?
9
Let n = 350 + -238. Suppose -4*s - n = -3*u, -5*u + 4*s = -81 - 103. What is the tens digit of 4 - 2 - u/(-3)?
1
Let d be 6/12*2*807. Let p = d - 450. What is the tens digit of p?
5
Let m(b) = b**3 + 20*b**2 + 2. Let l be m(-20). Suppose -3*y = l*d - 907, -80 = 3*d - 2*y - 1460. What is the units digit of d?
8
Suppose 2*g - 3*p + 2 = 0, 5*g + 0*p = -5*p + 45. What is the hundreds digit of (-382)/((2 + -7)/g)?
3
Let q = 10291 - 6462. What is the units digit of q?
9
Suppose r + 3*i + 6327 = 4*r, 3*r - 2*i = 6326. Suppose 0 = -5*t + r + 32. What is the tens digit of t?
2
Let r = -40 + 73. Let t = r - 55. Let a = 47 + t. What is the tens digit of a?
2
Suppose 5 + 31 = 4*h. Let y be (-5)/(-15)*h + -3. What is the units digit of y/(-1) + 2 - (-89 - 5)?
6
Suppose 2066 + 1035 = 7*x. Let p = 925 - x. What is the tens digit of p?
8
Suppose -102*n + 50*n + 300924 = 0. What is the tens digit of n?
8
Let l be ((-3)/(-2))/(172/(-184) + 1). Let u(o) = 6*o**2 - 2*o + 3. Let y be u(2). Suppose y = n - l. What is the tens digit of n?
4
Suppose -40 = 3*k - 916. Suppose -k = -4*d + 364. Let o = d - -29. What is the hundreds digit of o?
1
Let u(v) = -382*v + 12074. What is the thousands digit of u(-24)?
1
Suppose -337 = -3*u - 4*y + 53, u = y + 116. What is the hundreds digit of u?
1
Let p(i) = -i**2 - 6*i + 16. Let q be p(-7). Suppose q*w - s - 1864 = 4*w, -4*w - 5*s = -1497. What is the hundreds digit of w?
3
Let w(m) = m + 4. Let c be w(-1). Suppose c*k - 1038 = -3*k. What is the tens digit of k?
7
Let y be (4 + -5)/(2*(-6)/(-336)). What is the thousands digit of (-1)/((-4)/522*(-3)/y)?
1
Let l be 2/(-8)*-100 - -4. Suppose c = -t + 1070, 27*t + c = l*t - 2143. What is the hundreds digit of t?
0
What is the tens digit of 11483650/5718 - (-5)/6*2?
1
Let j = 9707 - -5972. What is the hundreds digit of j?
6
Let i(g) = 2557*g**2 + 10*g + 10. Let h be i(-1). Suppose -7*c = 702 - h. What is the tens digit of c?
6
Suppose -346*g + 25914 = -340*g. What is the tens digit of g?
1
Let y = 145007 - 99989. What is the hundreds digit of y?
0
Let m be (-4)/(-8)*-626 - -1*2. Let z = -438 - m. Let q = z - -210. What is the units digit of q?
3
Let d be 30*((-21)/36)/(-7)*2. Suppose d*r - 262 - 133 = 0. What is the units digit of r?
9
Let r = -205 - -210. Suppose -r*j = -5, 6*j - j = 4*z - 1035. What is the tens digit of z?
6
Let x be -363*(15/(-5))/1. Suppose 0 = -2*b - b + x. Suppose -6*j + 9*j = b. What is the tens digit of j?
2
Suppose 6*r - 45 = 15*r. Let c be (16/6)/(r/120). Let i = 123 + c. What is the units digit of i?
9
Suppose u = -2*k + 15894, 38901 = 5*k + 5*u - 824. What is the thousands digit of k?
7
Suppose j = -9*j + 19*j - 133785. What is the thousands digit of j?
4
What is the units digit of 30/345 + 251/23 + -4 - -9606?
3
What is the thousands digit of (-36114)/(-10) - ((-816)/120)/(-17)?
3
Let l be (-2)/(-1 + -2 + (-149)/(-49)). Let c = l + 204. Suppose 99 + c = 2*t. What is the tens digit of t?
2
Suppose 3*n + 4125 = 5*i + 4*n, -4*n = 0. Let c = -54 + i. What is the hundreds digit of c?
7
Let t = -804 + 826. Suppose -8*p - t*p + 37920 = 0. What is the units digit of p?
4
Let z be (-10)/((9 - 3) + -7). Suppose 14*v - z*v = 2608. What is the tens digit of v?
5
Suppose -p + 2408 = 2*d - 659, -d = -3*p - 1537. What is the thousands digit of d?
1
Suppose 0 = -5*p - 25, 0*p + 5*p = -5*d + 1330. Let j = 641 - d. What is the tens digit of j?
7
Suppose z = -2*v - v + 9141, 6072 = 2*v - 3*z. What is the hundreds digit of v?
0
Let j(s) = 34*s**2 - 2*s + 3. Let z be j(1). Let t be 154/z + -4 - (-416)/10. Let k = t - 38. What is the units digit of k?
4
Let u(z) = 143 + 10*z + 4*z + 371. What is the tens digit of u(0)?
1
Let c = 4945 - -73265. What is the hundreds digit of 3/(-5) - c/(-225)?
3
Suppose 0 = 15*p + 22*p - 279523 - 211541. What is the ten thousands digit of p?
1
Let n = -5003 - -21605. What is the units digit of n?
2
Let r be -4 + 2*(3/2)/1. What is the units digit of (r - (-1218 - -6))*1?
1
Suppose 0 = 4*h - t + 2*t - 109297, 0 = -5*h + t + 136628. What is the units digit of h/45 - 9/((-81)/(-2))?
7
Suppose -890*m - 1280874 = -911*m. What is the ten thousands digit of m?
6
Let r(a) = -347*a + 192. Let o be r(-10). Suppose -v = 3*k - o, -47*v + 52*v = -5. What is the hundreds digit of k?
2
What is the ten thousands digit of ((48/(-9))/8)/(-2*11/479721)?
1
Let c(a) = -a + 2*a + 10*a**3 - 3*a**2 + 2*a**2. Suppose -5*d - 1 = 3*l, -3*d + 4*l + 5 = -6. What is the units digit of c(d)?
0
Let g = 401 + -112. Let z = -20 + g. What is the tens digit of z?
6
Suppose -20*a + 18 = -17*a. Let w be (a/5)/(6/30). What is the units digit of 452/6 + (-2)/w?
5
What is the tens digit of 10713/(803/(-44) + 19)?
8
Let n(t) be the first derivative of -9*t**4 - 3*t**2 - 8*t + 26. Let x be n(-4). What is the tens digit of x/24 + 3/9?
9
Let l(c) = c**3 - 11*c**2 + 4*c - 39. Let q be l(11). Suppose -3*n + 4*n + 2667 = q*f, 0 = -f + 2*n + 537. What is the tens digit of f?
3
What is the units digit of 47/((330/1305)/22)?
9
Let u(h) = 123*h + 4. Let d be u(1). Suppose -134*v = -d*v - 5089. What is the units digit of v?
7
Let z(g) = 392*g**3 + g**2 